{"id":6510,"date":"2019-11-07T12:48:28","date_gmt":"2019-11-07T10:48:28","guid":{"rendered":"http:\/\/www.darzelis.senieji.trakai.lm.lt\/?page_id=6510"},"modified":"2026-02-12T13:00:48","modified_gmt":"2026-02-12T11:00:48","slug":"administracine-informacija","status":"publish","type":"page","link":"https:\/\/www.darzelis.senieji.trakai.lm.lt\/?page_id=6510","title":{"rendered":"<!--:lt-->Administracin\u0117 informacija<!--:-->"},"content":{"rendered":"<p>Svetlana Golova\u010d, <strong>direktor\u0117<\/strong><\/p>\n<p>mob. tel.: +370 645 22608<\/p>\n<p>el. pastas: <span style=\"color: #3366ff;\">st.darzelis@yahoo.pl<\/span><\/p>\n<p>&nbsp;<\/p>\n<p>Svetlana \u0160atevi\u010dien\u0117, <strong>direktoriaus pavaduotoja ugdymui<\/strong><\/p>\n<p>mob. tel.: +370 656 12344<\/p>\n<p>&nbsp;<\/p>\n<p>Irina Janu\u0161auskien\u0117, <strong>direktoriaus pavaduotoja \u016bkio reikalams<\/strong><\/p>\n<p>tel. +37052866268<\/p>\n<p>&nbsp;<\/p>\n<p>&nbsp;<\/p>\n<p>&nbsp;<\/p>\n","protected":false},"excerpt":{"rendered":"<p>Svetlana Golova\u010d, direktor\u0117 mob. tel.: +370 645 22608 el. pastas: st.darzelis@yahoo.pl &nbsp; Svetlana \u0160atevi\u010dien\u0117, direktoriaus pavaduotoja ugdymui mob. tel.: +370&#8230;<\/p>\n","protected":false},"author":1,"featured_media":0,"parent":0,"menu_order":0,"comment_status":"closed","ping_status":"closed","template":"","meta":{"ngg_post_thumbnail":0,"footnotes":""},"class_list":["post-6510","page","type-page","status-publish","hentry"],"_links":{"self":[{"href":"https:\/\/www.darzelis.senieji.trakai.lm.lt\/index.php?rest_route=\/wp\/v2\/pages\/6510"}],"collection":[{"href":"https:\/\/www.darzelis.senieji.trakai.lm.lt\/index.php?rest_route=\/wp\/v2\/pages"}],"about":[{"href":"https:\/\/www.darzelis.senieji.trakai.lm.lt\/index.php?rest_route=\/wp\/v2\/types\/page"}],"author":[{"embeddable":true,"href":"https:\/\/www.darzelis.senieji.trakai.lm.lt\/index.php?rest_route=\/wp\/v2\/users\/1"}],"replies":[{"embeddable":true,"href":"https:\/\/www.darzelis.senieji.trakai.lm.lt\/index.php?rest_route=%2Fwp%2Fv2%2Fcomments&post=6510"}],"version-history":[{"count":5,"href":"https:\/\/www.darzelis.senieji.trakai.lm.lt\/index.php?rest_route=\/wp\/v2\/pages\/6510\/revisions"}],"predecessor-version":[{"id":8585,"href":"https:\/\/www.darzelis.senieji.trakai.lm.lt\/index.php?rest_route=\/wp\/v2\/pages\/6510\/revisions\/8585"}],"wp:attachment":[{"href":"https:\/\/www.darzelis.senieji.trakai.lm.lt\/index.php?rest_route=%2Fwp%2Fv2%2Fmedia&parent=6510"}],"curies":[{"name":"wp","href":"https:\/\/api.w.org\/{rel}","templated":true}]}}