{"id":3605,"date":"2014-02-18T16:35:52","date_gmt":"2014-02-18T14:35:52","guid":{"rendered":"http:\/\/www.darzelis.senieji.trakai.lm.lt\/?page_id=3605"},"modified":"2026-01-23T13:21:35","modified_gmt":"2026-01-23T11:21:35","slug":"struktura-ir-kontaktai","status":"publish","type":"page","link":"https:\/\/www.darzelis.senieji.trakai.lm.lt\/?page_id=3605","title":{"rendered":"<!--:lt-->Strukt\u016bra ir kontaktai<!--:-->"},"content":{"rendered":"<p style=\"text-align: center;\"><strong>TRAK\u0172 RAJONO SEN\u0172J\u0172 TRAK\u0172 VAIK\u0172 LOP\u0160ELIO-DAR\u017dELIO&nbsp; VALDYMO STRUKT\u016aRA<\/strong><\/p>\n<p style=\"text-align: center;\">&nbsp;<\/p>\n<p style=\"text-align: right;\">PATVIRTINTA<\/p>\n<p style=\"text-align: right;\">Trak\u0173 rajono Sen\u0173j\u0173 Trak\u0173<\/p>\n<p style=\"text-align: right;\">vaik\u0173 lop\u0161elio-dar\u017eelio<\/p>\n<p style=\"text-align: right;\">direktoriaus 2025 m. gruod\u017eio 31 d.<\/p>\n<p style=\"text-align: right;\">\u012fsakymu Nr. V25-35<\/p>\n<p>&nbsp;<\/p>\n<table>\n<tbody>\n<tr>\n<td colspan=\"4\" width=\"633\">\n<p style=\"text-align: center;\"><strong>DIREKTORIUS<\/strong><\/p>\n<\/td>\n<\/tr>\n<tr>\n<td colspan=\"4\" width=\"633\">&nbsp;<\/td>\n<\/tr>\n<tr>\n<td width=\"150\">\n<p style=\"text-align: center;\"><strong>DIREKTORIAUS PAVADUOTOJAS UGDYMUI<\/strong><\/p>\n<\/td>\n<td style=\"text-align: center;\" width=\"194\"><strong>DIREKTORIAUS PAVADUOTOJAS \u016aKIO REIKALAMS<\/strong><\/td>\n<td style=\"text-align: center;\" width=\"181\"><strong>RA\u0160TIN\u0116S ADMINISTRATORIUS<\/strong><\/td>\n<td style=\"text-align: center;\" width=\"108\"><strong>DIETISTAS<\/strong><\/td>\n<\/tr>\n<tr>\n<td width=\"150\">&nbsp;<\/td>\n<td width=\"194\">&nbsp;<\/td>\n<td width=\"181\">&nbsp;<\/td>\n<td width=\"108\">&nbsp;<\/td>\n<\/tr>\n<tr>\n<td width=\"150\">\n<p style=\"text-align: center;\"><strong>IKIMOKYKLINIO UGDYMO MOKYTOJAS<\/strong><\/p>\n<\/td>\n<td width=\"194\">\n<p style=\"text-align: center;\"><strong>MOKYTOJO PAD\u0116J\u0116JAS<\/strong><\/p>\n<\/td>\n<td width=\"181\"><strong>&nbsp;<\/strong><\/td>\n<td width=\"108\"><strong>&nbsp;<\/strong><\/td>\n<\/tr>\n<tr>\n<td width=\"150\">&nbsp;<\/td>\n<td width=\"194\"><strong>&nbsp;<\/strong><\/td>\n<td width=\"181\"><strong>&nbsp;<\/strong><\/td>\n<td width=\"108\"><strong>&nbsp;<\/strong><\/td>\n<\/tr>\n<tr>\n<td width=\"150\">\n<p style=\"text-align: center;\"><strong>MENINIO UGDYMO MOKYTOJAS<\/strong><\/p>\n<\/td>\n<td width=\"194\">\n<p style=\"text-align: center;\"><strong>PAGALBINIS VIRTUV\u0116S DARBININKAS<\/strong><\/p>\n<\/td>\n<td width=\"181\"><strong>&nbsp;<\/strong><\/td>\n<td width=\"108\"><strong>&nbsp;<\/strong><\/td>\n<\/tr>\n<tr>\n<td width=\"150\"><strong>&nbsp;<\/strong><\/td>\n<td width=\"194\"><strong>&nbsp;<\/strong><\/td>\n<td width=\"181\"><strong>&nbsp;<\/strong><\/td>\n<td width=\"108\"><strong>&nbsp;<\/strong><\/td>\n<\/tr>\n<tr>\n<td width=\"150\">\n<p style=\"text-align: center;\"><strong>LOGOPEDAS<\/strong><\/p>\n<\/td>\n<td width=\"194\">\n<p style=\"text-align: center;\"><strong>&nbsp;SAND\u0116LININKAS<\/strong><\/p>\n<\/td>\n<td width=\"181\"><strong>&nbsp;<\/strong><\/td>\n<td width=\"108\"><strong>&nbsp;<\/strong><\/td>\n<\/tr>\n<tr>\n<td width=\"150\"><strong>&nbsp;<\/strong><\/td>\n<td width=\"194\"><strong>&nbsp;<\/strong><\/td>\n<td width=\"181\"><strong>&nbsp;<\/strong><\/td>\n<td width=\"108\"><strong>&nbsp;<\/strong><\/td>\n<\/tr>\n<tr>\n<td width=\"150\">\n<p style=\"text-align: center;\"><strong>MOKINIO PAD\u0116J\u0116JAS<\/strong><\/p>\n<\/td>\n<td width=\"194\">\n<p style=\"text-align: center;\"><strong>VALYTOJAS<\/strong><\/p>\n<\/td>\n<td width=\"181\"><strong>&nbsp;<\/strong><\/td>\n<td width=\"108\"><strong>&nbsp;<\/strong><\/td>\n<\/tr>\n<tr>\n<td width=\"150\"><strong>&nbsp;<\/strong><\/td>\n<td width=\"194\">\n<p style=\"text-align: center;\"><strong>VIR\u0116JAS<\/strong><\/p>\n<\/td>\n<td width=\"181\"><strong>&nbsp;<\/strong><\/td>\n<td width=\"108\"><strong>&nbsp;<\/strong><\/td>\n<\/tr>\n<tr>\n<td width=\"150\"><strong>&nbsp;<\/strong><\/td>\n<td width=\"194\"><strong>&nbsp;<\/strong><\/td>\n<td width=\"181\"><strong>&nbsp;<\/strong><\/td>\n<td width=\"108\"><strong>&nbsp;<\/strong><\/td>\n<\/tr>\n<tr>\n<td width=\"150\"><strong>&nbsp;<\/strong><\/td>\n<td width=\"194\">\n<p style=\"text-align: center;\"><strong>SKALB\u0116JAS <\/strong><\/p>\n<\/td>\n<td width=\"181\"><strong>&nbsp;<\/strong><\/td>\n<td width=\"108\"><strong>&nbsp;<\/strong><\/td>\n<\/tr>\n<tr>\n<td width=\"150\"><strong>&nbsp;<\/strong><\/td>\n<td width=\"194\">&nbsp;<\/td>\n<td width=\"181\"><strong>&nbsp;<\/strong><\/td>\n<td width=\"108\"><strong>&nbsp;<\/strong><\/td>\n<\/tr>\n<tr>\n<td style=\"text-align: center;\" width=\"150\"><strong>&nbsp;<\/strong><\/td>\n<td style=\"text-align: center;\" width=\"194\"><strong>KIEMSARGIS<\/strong><\/td>\n<td style=\"text-align: center;\" width=\"181\"><strong>&nbsp;<\/strong><\/td>\n<td width=\"108\">\n<p style=\"text-align: center;\"><strong>&nbsp;<\/strong><\/p>\n<\/td>\n<\/tr>\n<\/tbody>\n<\/table>\n<p>&nbsp;<\/p>\n<p>&nbsp;<\/p>\n<table width=\"672\">\n<tbody>\n<tr>\n<td width=\"672\"><strong>TRAK\u0172 RAJONO SEN\u0172J\u0172 TRAK\u0172 VAIK\u0172 LOP\u0160ELIS \u2013 DAR\u017dELIS<\/strong><\/p>\n<p>&nbsp;<\/td>\n<\/tr>\n<tr>\n<td width=\"672\">Biud\u017eetin\u0117 \u012fstaiga, Trak\u0173 g. 39A, Sen\u0173j\u0173 Trak\u0173 k., Sen\u0173j\u0173 Trak\u0173 sen., 21145 Trak\u0173 r. sav.,<\/p>\n<p>tel. (0 528) 66 268, el. p. <a href=\"mailto:st.darzelis@yahoo.pl\">st.darzelis@yahoo.pl<\/a>, interneto svetain\u0117 www.darzelis.senieji.trakai.lm.lt<\/p>\n<p>Duomenys kaupiami ir saugomi Juridini\u0173 asmen\u0173 registre, kodas 190650461<\/td>\n<\/tr>\n<\/tbody>\n<\/table>\n<p><strong><a href=\"http:\/\/www.darzelis.senieji.trakai.lm.lt\/wp-content\/uploads\/2014\/02\/20181129_132832.jpg\"><img loading=\"lazy\" decoding=\"async\" class=\"aligncenter size-thumbnail wp-image-5980\" src=\"http:\/\/www.darzelis.senieji.trakai.lm.lt\/wp-content\/uploads\/2014\/02\/20181129_132832-150x150.jpg\" alt=\"\" width=\"150\" height=\"150\" srcset=\"https:\/\/www.darzelis.senieji.trakai.lm.lt\/wp-content\/uploads\/2014\/02\/20181129_132832-150x150.jpg 150w, https:\/\/www.darzelis.senieji.trakai.lm.lt\/wp-content\/uploads\/2014\/02\/20181129_132832-300x300.jpg 300w, https:\/\/www.darzelis.senieji.trakai.lm.lt\/wp-content\/uploads\/2014\/02\/20181129_132832.jpg 672w\" sizes=\"(max-width: 150px) 100vw, 150px\" \/><\/a><\/strong><\/p>\n<p>&nbsp;<\/p>\n","protected":false},"excerpt":{"rendered":"<p>TRAK\u0172 RAJONO SEN\u0172J\u0172 TRAK\u0172 VAIK\u0172 LOP\u0160ELIO-DAR\u017dELIO&nbsp; VALDYMO STRUKT\u016aRA &nbsp; PATVIRTINTA Trak\u0173 rajono Sen\u0173j\u0173 Trak\u0173 vaik\u0173 lop\u0161elio-dar\u017eelio direktoriaus 2025 m. gruod\u017eio&#8230;<\/p>\n","protected":false},"author":1,"featured_media":0,"parent":0,"menu_order":0,"comment_status":"closed","ping_status":"closed","template":"","meta":{"ngg_post_thumbnail":0,"footnotes":""},"class_list":["post-3605","page","type-page","status-publish","hentry"],"_links":{"self":[{"href":"https:\/\/www.darzelis.senieji.trakai.lm.lt\/index.php?rest_route=\/wp\/v2\/pages\/3605"}],"collection":[{"href":"https:\/\/www.darzelis.senieji.trakai.lm.lt\/index.php?rest_route=\/wp\/v2\/pages"}],"about":[{"href":"https:\/\/www.darzelis.senieji.trakai.lm.lt\/index.php?rest_route=\/wp\/v2\/types\/page"}],"author":[{"embeddable":true,"href":"https:\/\/www.darzelis.senieji.trakai.lm.lt\/index.php?rest_route=\/wp\/v2\/users\/1"}],"replies":[{"embeddable":true,"href":"https:\/\/www.darzelis.senieji.trakai.lm.lt\/index.php?rest_route=%2Fwp%2Fv2%2Fcomments&post=3605"}],"version-history":[{"count":11,"href":"https:\/\/www.darzelis.senieji.trakai.lm.lt\/index.php?rest_route=\/wp\/v2\/pages\/3605\/revisions"}],"predecessor-version":[{"id":8573,"href":"https:\/\/www.darzelis.senieji.trakai.lm.lt\/index.php?rest_route=\/wp\/v2\/pages\/3605\/revisions\/8573"}],"wp:attachment":[{"href":"https:\/\/www.darzelis.senieji.trakai.lm.lt\/index.php?rest_route=%2Fwp%2Fv2%2Fmedia&parent=3605"}],"curies":[{"name":"wp","href":"https:\/\/api.w.org\/{rel}","templated":true}]}}